undreds digit of 21461178?
1
What is the ten thousands digit of 50460598?
6
What is the hundred thousands digit of 7896630?
8
What is the hundred millions digit of 4692537592?
6
What is the billions digit of 1712721952?
1
What is the units digit of 284573950?
0
What is the ten thousands digit of 92257794?
5
What is the hundred millions digit of 2360087719?
3
What is the hundred millions digit of 186100574?
1
What is the hundred thousands digit of 38935638?
9
What is the ten millions digit of 786033250?
8
What is the hundred thousands digit of 669092854?
0
What is the units digit of 1335369720?
0
What is the thousands digit of 884013327?
3
What is the millions digit of 83709992?
3
What is the hundreds digit of 90565700?
7
What is the hundred thousands digit of 36058012?
0
What is the ten thousands digit of 16788345?
8
What is the hundreds digit of 283986398?
3
What is the units digit of 2946649874?
4
What is the thousands digit of 1953262?
3
What is the thousands digit of 1382607492?
7
What is the tens digit of 205234333?
3
What is the units digit of 5108889?
9
What is the hundred thousands digit of 250959024?
9
What is the tens digit of 20360878?
7
What is the millions digit of 19175066?
9
What is the hundreds digit of 125536201?
2
What is the thousands digit of 7241972044?
2
What is the hundred thousands digit of 667747870?
7
What is the hundreds digit of 2904375625?
6
What is the hundred thousands digit of 1363642553?
6
What is the units digit of 1382997935?
5
What is the units digit of 132756239?
9
What is the hundred thousands digit of 31272940?
2
What is the thousands digit of 79721042?
1
What is the hundred thousands digit of 353648399?
6
What is the hundred thousands digit of 442660977?
6
What is the hundreds digit of 11407514?
5
What is the units digit of 83700812?
2
What is the hundred thousands digit of 347249499?
2
What is the ten thousands digit of 207685295?
8
What is the hundred millions digit of 826753644?
8
What is the ten millions digit of 3315161857?
1
What is the hundred thousands digit of 36801336?
8
What is the millions digit of 1394814971?
4
What is the millions digit of 101571979?
1
What is the ten thousands digit of 14697579?
9
What is the ten millions digit of 172777339?
7
What is the ten millions digit of 44789437?
4
What is the billions digit of 1578982132?
1
What is the thousands digit of 8303458?
3
What is the thousands digit of 85662264?
2
What is the ten thousands digit of 405882166?
8
What is the hundreds digit of 161905067?
0
What is the tens digit of 1805953221?
2
What is the ten millions digit of 197038566?
9
What is the millions digit of 50976729?
0
What is the millions digit of 6423794469?
3
What is the thousands digit of 138702179?
2
What is the ten thousands digit of 1034270665?
7
What is the tens digit of 78476514?
1
What is the ten thousands digit of 6436699?
3
What is the ten millions digit of 239862003?
3
What is the hundred millions digit of 200925980?
2
What is the millions digit of 1910873601?
0
What is the hundred millions digit of 273333441?
2
What is the millions digit of 1293148544?
3
What is the hundreds digit of 2574702?
7
What is the units digit of 381167613?
3
What is the thousands digit of 4870784700?
4
What is the ten thousands digit of 1507120560?
2
What is the tens digit of 1104084761?
6
What is the hundreds digit of 77179063?
0
What is the thousands digit of 256369?
6
What is the hundred thousands digit of 212548955?
5
What is the ten thousands digit of 312934780?
3
What is the millions digit of 620286880?
0
What is the ten millions digit of 2103978373?
0
What is the ten thousands digit of 2384966560?
6
What is the tens digit of 147347103?
0
What is the millions digit of 20863128?
0
What is the hundred millions digit of 487577852?
4
What is the hundred thousands digit of 3759180615?
1
What is the hundred millions digit of 752204854?
7
What is the units digit of 62389483?
3
What is the hundreds digit of 1042925919?
9
What is the tens digit of 2963306762?
6
What is the tens digit of 1889422449?
4
What is the thousands digit of 136250805?
0
What is the ten thousands digit of 403823432?
2
What is the ten millions digit of 72645848?
7
What is the hundreds digit of 526435636?
6
What is the ten millions digit of 74287333?
7
What is the hundred millions digit of 201356149?
2
What is the millions digit of 247968337?
7
What is the ten millions digit of 840143369?
4
What is the hundred millions digit of 702339333?
7
What is the units digit of 29636876?
6
What is the hundred millions digit of 473891338?
4
What is the units digit of 81359627?
7
What is the hundred millions digit of 1395452158?
3
What is the tens digit of 4328549549?
4
What is the tens digit of 248161865?
6
What is the ten millions digit of 57676110?
5
What is the thousands digit of 767253?
7
What is the hundred millions digit of 289744955?
2
What is the billions digit of 1265864234?
1
What is the millions digit of 10292423?
0
What is the tens digit of 26463558?
5
What is the ten millions digit of 20826382?
2
What is the hundred thousands digit of 103914493?
9
What is the ten millions digit of 272308014?
7
What is the ten millions digit of 1780495375?
8
What is the thousands digit of 1513237913?
7
What is the thousands digit of 81792436?
2
What is the ten millions digit of 362768373?
6
What is the billions digit of 2747004863?
2
What is the units digit of 132656798?
8
What is the ten millions digit of 51717645?
5
What is the ten thousands digit of 75890971?
9
What is the ten thousands digit of 345729306?
2
What is the units digit of 1293442687?
7
What is the hundred millions digit of 4236430206?
2
What is the hundreds digit of 1195936408?
4
What is the billions digit of 2741717983?
2
What is the thousands digit of 10172863?
2
What is the tens digit of 3152166183?
8
What is the hundreds digit of 2097362991?
9
What is the hundreds digit of 95947753?
7
What is the hundreds digit of 81003765?
7
What is the hundred millions digit of 1420356485?
4
What is the tens digit of 12094193?
9
What is the ten thousands digit of 181129886?
2
What is the ten millions digit of 94497313?
9
What is the units digit of 92637050?
0
What is the ten millions digit of 1222425474?
2
What is the hundreds digit of 115465391?
3
What is the hundreds digit of 53270433?
4
What is the hundred millions digit of 112654231?
1
What is the hundred thousands digit of 62291057?
2
What is the ten thousands digit of 16652582?
5
What is the millions digit of 350720413?
0
What is the tens digit of 72688056?
5
What is the thousands digit of 1752153821?
3
What is the hundred millions digit of 1488182045?
4
What is the units digit of 239600547?
7
What is the ten millions digit of 1698517580?
9
What is the hundred millions digit of 528931085?
5
What is the units digit of 353067898?
8
What is the ten millions digit of 53229284?
5
What is the tens digit of 111573091?
9
What is the millions digit of 180039596?
0
What is the hundred thousands digit of 1038310972?
3
What is the ten millions digit of 71060642?
7
What is the tens digit of 309096338?
3
What is the millions digit of 384651518?
4
What is the ten thousands digit of 92175316?
7
What is the hundred thousands digit of 27534008?
5
What is the hundred thousands digit of 244550337?
5
What is the hundreds digit of 18003527?
5
What is the billions digit of 1126348408?
1
What is the tens digit of 399293616?
1
What is the tens digit of 177997890?
9
What is the ten millions digit of 1190392450?
9
What is the hundred millions digit of 1809857393?
8
What is the ten thousands digit of 495668887?
6
What is the hundred millions digit of 675479765?
6
What is the hundreds digit of 719675951?
9
What is the ten thousands digit of 231956211?
5
What is the units digit of 40056083?
3
What is the billions digit of 1485557633?
1
What is the ten thousands digit of 33164123?
6
What is the thousands digit of 395615920?
5
What is the ten thousands digit of 52504771?
0
What is the tens digit of 79920156?
5
What is the millions digit of 14062614?
4
What is the thousands digit of 3053766016?
6
What is the tens digit of 139031664?
6
What is the billions digit of 2060851271?
2
What is the hundreds digit of 3119690230?
2
What is the units digit of 207322